 (base 12) to base 10.
5325263
Convert -36740 (base 13) to base 8.
-303404
4033424214 (base 5) to base 8
36734033
What is -15d99 (base 14) in base 7?
-315552
1f9cf (base 16) to base 11
89316
551c (base 14) to base 8
34606
What is ecbf8 (base 16) in base 3?
1211021012120
-3310320131 (base 4) to base 12
-404565
Convert -12102002100 (base 3) to base 2.
-11010000000000001
Convert -b757e (base 15) to base 9.
-1076002
Convert -3bab (base 14) to base 3.
-112110100
What is -207583 (base 12) in base 5?
-112314304
What is 2234 (base 8) in base 10?
1180
Convert -657594 (base 15) to base 12.
-1751734
What is -18638 (base 11) in base 16?
-65c8
-266008 (base 9) to base 12
-797b2
What is 332001020 (base 4) in base 15?
503ee
321120030 (base 4) to base 7
1666122
25132164 (base 7) to base 14
42b934
-111203311 (base 4) to base 16
-158f5
-413255 (base 9) to base 6
-5130552
Convert -8165710 (base 9) to base 14.
-814b1a
-32100321 (base 5) to base 16
-41a24
77175 (base 8) to base 10
32381
What is -111000000111010101110 (base 2) in base 10?
-1838766
What is 1309971 (base 11) in base 8?
10515324
Convert 110100011111010010 (base 2) to base 4.
310133102
-2303430013 (base 5) to base 3
-100200002220112
What is 1d563 (base 14) in base 6?
1335535
What is -5aa89 (base 15) in base 7?
-2313210
1101330032 (base 4) to base 14
8a458
Convert 452221355 (base 6) to base 5.
4101324314
-170401 (base 9) to base 15
-21301
1273722 (base 8) to base 12
15346a
-361688 (base 10) to base 16
-584d8
102020111100 (base 3) to base 15
4584c
What is -6170135 (base 9) in base 6?
-154332435
What is 224021331 (base 5) in base 9?
1785670
Convert -21301201 (base 5) to base 4.
-230102302
-288275 (base 9) to base 12
-86288
Convert 142302450 (base 6) to base 16.
2c80fe
What is 235306 (base 12) in base 15?
b38a0
466335 (base 10) to base 11
299401
25e6a (base 15) to base 5
12341000
556665 (base 10) to base 15
aee10
-1462263 (base 9) to base 8
-3053350
What is 2453550 (base 7) in base 9?
531223
What is 54260 (base 14) in base 8?
615414
Convert -13275 (base 8) to base 4.
-1122331
What is -13222302011 (base 4) in base 11?
-1153366
Convert 105c77 (base 13) to base 5.
44300104
Convert 1165874 (base 9) to base 15.
c7db1
-49321e (base 15) to base 4
-31113121301
-255500141 (base 6) to base 4
-103030103131
-6317a1 (base 16) to base 11
-373613a
Convert 35053032 (base 7) to base 9.
5701806
50617535 (base 8) to base 6
1021044325
What is -100110111010101010110 (base 2) in base 12?
-515b86
What is -47349 (base 11) in base 7?
-403055
What is -120200112010 (base 4) in base 14?
-bd312c
-354412 (base 6) to base 15
-91ee
What is 13111 (base 11) in base 8?
44517
What is -11121102221 (base 3) in base 4?
-112021132
What is 6c6726 (base 14) in base 5?
1422041211
What is -63675 (base 15) in base 14?
-82cbd
-211002222011002 (base 3) to base 2
-101100110100101011110100
Convert 3467073 (base 8) to base 15.
13a333
Convert -4715756 (base 8) to base 9.
-2367741
What is -17a7a53 (base 11) in base 10?
-3055913
What is 1181073 (base 10) in base 14?
22a5c5
1010211222110 (base 3) to base 6
21003150
-230b3 (base 14) to base 5
-10211341
Convert 49a68 (base 11) to base 3.
10122112021
Convert 566320 (base 7) to base 12.
4a304
49d61 (base 15) to base 16
39973
-2a146 (base 16) to base 10
-172358
Convert 282104 (base 13) to base 6.
32524505
134010 (base 11) to base 6
4301353
3043414 (base 6) to base 4
203220202
-1044516 (base 7) to base 5
-13111013
What is c91670 (base 14) in base 16?
67d0c2
Convert 77c4 (base 16) to base 11.
21043
Convert 16616a5 (base 11) to base 9.
5280114
What is -300102121 (base 4) in base 14?
-52117
Convert -9a0016 (base 11) to base 9.
-3002126
What is 1277166 (base 10) in base 14?
253622
What is -27226256 (base 8) in base 9?
-12436222
Convert 27577615 (base 8) to base 4.
113233332031
What is 1735004 (base 10) in base 2?
110100111100101011100
Convert 1000000000010000110 (base 2) to base 13.
924c3
Convert -42144 (base 11) to base 13.
-21c39
Convert 211220113 (base 4) to base 11.
a5893
Convert 1434415 (base 9) to base 14.
168178
12103044241 (base 5) to base 12
4886b12
What is -5b3a76 (base 13) in base 3?
-11002201001020
What is a4922 (base 11) in base 4?
211110033
What is -79941 (base 10) in base 2?
-10011100001000101
-322401151 (base 6) to base 11
-325a0a9
-7112455 (base 8) to base 12
-764039
What is -1146341 (base 11) in base 6?
-110505134
10120110320 (base 4) to base 15
17a32b
What is 774a46 (base 12) in base 10?
1895382
What is 19214 (base 11) in base 6?
324233
Convert -22055254 (base 6) to base 16.
-a1572
What is 52b26c (base 13) in base 16?
1d9306
Convert -10200002210101 (base 3) to base 4.
-13130032330
Convert 13417 (base 10) to base 2.
11010001101001
-411422433 (base 5) to base 7
-20124610
-c278a3 (base 14) to base 9
-13285138
What is 112430402 (base 7) in base 8?
32241137
111984a (base 12) to base 5
1314203224
Convert 53825a5 (base 11) to base 3.
122210200200202
71818 (base 16) to base 6
13544224
What is 143014 (base 6) in base 13?
6277
Convert 321021102 (base 4) to base 3.
102220002010
What is 179008 (base 10) in base 14?
49344
What is -4240242 (base 6) in base 2?
-110010101001100010
-2236007 (base 8) to base 14
-11a79d
What is 1b2557 (base 12) in base 11?
2a9569
17c85 (base 16) to base 10
97413
What is -2220222212101 (base 3) in base 12?
-62b977
What is -123710 (base 11) in base 6?
-4103344
What is -116a08 (base 12) in base 7?
-2251235
Convert 14453044 (base 6) to base 10.
504820
What is 22516434 (base 7) in base 4?
13201032123
What is 491a9c (base 13) in base 15?
24760c
-112460 (base 11) to base 10
-178904
Convert 111113202031 (base 4) to base 6.
320020301
77102 (base 12) to base 14
41506
100111010010101010111010 (base 2) to base 11
58a5679
62517 (base 11) to base 6
1541523
Convert -460702 (base 8) to base 6.
-3202402
4033134 (base 5) to base 3
10021212210
Convert -1001000101011000011000 (base 2) to base 16.
-245618
Convert -34552725 (base 8) to base 10.
-7525845
54402125 (base 6) to base 7
16515614
What is 5424081 (base 12) in base 6?
1330212241
What is 233120 (base 7) in base 4?
22032311
Convert -20121211110222 (base 3) to base 4.
-31123113122
What is 5201377 (base 11) in base 15?
c15775
101110010011100 (base 2) to base 14
88d6
Convert 568a3 (base 13) to base 2.
100110011100100000
-36638 (base 10) to base 11
-25588
What is a238a (base 16) in base 9?
1222416
8231b (base 13) to base 8
707705
Convert -6ac32 (base 15) to base 3.
-122021201202
What is -113124034 (base 5) in base 14?
-d799d
What is -2989013 (base 12) in base 4?
-200001003033
Convert 311122021 (base 4) to base 6.
4404441
What is -21081 (base 13) in base 8?
-164040
23822 (base 14) to base 5
10233122
-10101220022202 (base 3) to base 11
-1026051
111111121110120 (base 3) to base 2
11011011000000110100111
3b601 (base 15) to base 7
1421650
Convert -159018 (base 16) to base 13.
-3a62a5
-252202530 (base 6) to base 8
-22444466
10001210222 (base 3) to base 16
ebd3
What is -19cc012 (base 14) in base 4?
-301010212100
What is -7263139 (base 10) in base 8?
-33551643
76471324 (base 8) to base 14
22737b6
-102120022211221 (base 3) to base 6
-335432511
What is 31453404 (base 6) in base 11?
581938
Convert -685293 (base 11) to base 15.
-168158
Convert -460603 (base 7) to base 6.
-1431151
-1648674 (base 9) to base 10
-918364
1220302 (base 7) to base 13
56146
What is -1884d (base 15) in base 11?
-54801
Convert 43342044 (base 5) to base 2.
1011010101101000100
Convert 6674381 (base 9) to base 11.
2033885
Convert 2016 (base 14) to base 8.
12604
Convert -66610 (base 8) to base 9.
-42415
-33122311131 (base 4) to base 8
-17326535
Convert -1431146 (base 10) to base 4.
-11131121222
What is -502046 (base 7) in base 16?
-14b13
Convert 10011100001011001 (base 2) to base 10.
79961
What is 101222110221 (base 3) in base 7?
1560061
Convert 253012241 (base 6) to base 14.
917d85
What is 300183 (base 9) in base 11?
111235
-11020210100 (base 4) to base 10
-1345808
Convert 2291987 (base 13) to base 4.
220221310322
What is 133131010313 (base 4) in base 16?
7dd137
6571d3 (base 15) to base 2
10010011100000010001111
What is 5704a5 (base 11) in base 4?
3131300311
1011000101001111001101 (base 2) to base 12
b811a5
Convert -28641b6 (base 12) to base 4.
-132320020122
What is -22012022112 (base 3) in 